Suppose -115 = -m + 4*d, 309 = 2*m - d + 58. Is m/(-1 + 2) + 0 a composite number?
False
Let s be (-2 + 3)*9 - 2. Suppose -s = -w + 81. Suppose -g - l - 2*l + w = 0, g - 67 = 4*l. Is g prime?
True
Let r(a) = -5*a - 7*a - 3 + 4 + 6. Is r(-6) a prime number?
True
Suppose 3*c + 14 = b, 0 = -4*b - 0*c + 3*c + 20. Suppose 2*x - 3*m = 17, -x - b - 22 = 5*m. Is -1 + (2 - x) - -2 composite?
False
Suppose j - 15 = -4*j. Suppose -j*o + o = -822. Is o composite?
True
Is 9315/21 + (-16)/28 composite?
False
Let q(s) = 6*s**2 - 5*s + 6. Let f(w) = -5*w**2 + 5*w - 5. Let z(h) = -3*f(h) - 2*q(h). Is z(3) composite?
True
Suppose -2*i + 3*i - 4*u - 11 = 0, -3*i - u - 6 = 0. Let c = i - 2. Is (-762)/(-15) - c/15 a prime number?
False
Is 61*(-3)/6*-10 composite?
True
Let f be (-360)/(0 - 6/4). Let c = f + -112. Let z = 195 - c. Is z a composite number?
False
Let s(c) = -20*c**2 - 13*c - 14. Let y be s(12). Is (-2)/8 - y/8 composite?
True
Let n be (1*-9)/((-1)/(-11)). Let f = n + 238. Is f composite?
False
Let j = 394 - -31. Let k = j + -210. Is k a composite number?
True
Suppose -2*a = c - 8, -5*a + 28 = -a + 5*c. Suppose -3*m + 5 = a*m. Is 2/m + 1 + 0 composite?
False
Let s be 1 + 0 + -2 - -3. Let i be (-2)/8*2*0. Let a = s + i. Is a prime?
True
Suppose -254 = -5*s + 4*s. Is s a composite number?
True
Let s = 32 + 127. Let a(g) = -g + 7. Let v be a(5). Suppose k - s = -v*k. Is k composite?
False
Let w be -1*(-1 - -2) + -5. Is 3/(-2)*332/w prime?
True
Let t(d) = -d + 5 + 4*d + 0*d - d. Is t(7) a prime number?
True
Let j = -378 - -667. Is j composite?
True
Suppose 2*x - 1 = -3. Let r = -1 + x. Is 0 + 22 - (-2)/r prime?
False
Let j = -4 + 11. Let l(m) = m**3 - 7*m**2 + m + 8. Is l(j) composite?
True
Suppose -5*a + 3372 = -a + 4*c, -3*a + 2525 = 2*c. Is a prime?
True
Let k(h) = -103*h - 41. Is k(-28) composite?
False
Let z(j) = -j**3 + 9*j**2 - 8*j + 5. Is z(7) composite?
False
Suppose 2*v - 2*m - 10 = 0, 0 = -2*v + m + 4*m + 1. Suppose v*i = 3*i. Suppose 2*k = 4*y + 22, i = -4*k + 2*y + 12 + 26. Is k composite?
True
Let n = -99 - -267. Suppose -140 = 2*l + n. Let r = l + 273. Is r a composite number?
True
Let w(b) = -b + 16. Let t be (-102)/(-14) + (-8)/28. Let m be w(t). Suppose 4*o = o + m. Is o a prime number?
True
Let d(f) = -3*f + 7. Let o be d(5). Let h = -4 - o. Suppose -n = 2*a - 22, n - h - 6 = a. Is n composite?
True
Is -4 - (1 - 301 - 2/(-2)) prime?
False
Suppose 5*t - 1963 = 3*o, -3*o + 1189 = 3*t - 2*o. Suppose 0 = -5*n + 4*n + t. Is n a prime number?
False
Let r(j) = -95*j + 4. Is r(-5) composite?
False
Let k = -21 + 155. Is k composite?
True
Suppose -y - 4*a = -46, -4*y + 355 = y - 5*a. Let i = -43 + y. Is i a composite number?
False
Let w(c) = 8*c**2 + 2*c + 7. Is w(-4) prime?
True
Let g(c) = -23*c**3 + c**2 + c + 1. Let m be g(-1). Let a be (1/(-2))/(1/m). Is (-22)/(-4)*(-2 - a) composite?
True
Suppose 4*t - 3 = 13. Suppose -474 = k - t*k. Let v = 223 - k. Is v a prime number?
False
Suppose 0 = 3*u - 995 - 154. Suppose n - h = 82, 3*n + h - u + 117 = 0. Is n a composite number?
True
Suppose -22 - 4 = -p. Suppose 2*v - p = -0*v. Is v a prime number?
True
Is (574/(-1))/(-2)*1 a prime number?
False
Suppose 0 = -2*z + 4*q + 522, 289 = 3*z + 5*q - 549. Suppose -c + z = 4*r, 3*r - 2*c = -c + 198. Is r composite?
False
Suppose -83 = -2*t - 3*y + 21, -2*t - 4*y + 102 = 0. Suppose -204 = -v - t. Is v a prime number?
True
Suppose 5*p - 63 - 113 = 4*t, -3*p = t + 61. Let h = 198 - t. Is h composite?
True
Let c = -198 + 51. Let o = 216 + c. Is o a composite number?
True
Suppose 4*u + 12 = -5*z, -5*z = 2*u - 2*z + 8. Suppose b - u = -0*b. Suppose 0 = 2*l + b*m - 74, 3*m - 144 = 2*l - 6*l. Is l composite?
True
Suppose -890 = -g - 189. Is g a composite number?
False
Let d be 128/22 + 2/11. Is ((-745)/(-15))/(2/d) a prime number?
True
Let l = -3 + 6. Suppose 5*h + m = 264, -l*h - 3*m + 134 = -34. Let b = h + -27. Is b a prime number?
False
Suppose -36*v + 196 = -32*v. Is v a prime number?
False
Let k(p) = 1 + 3*p + p - 2*p**2 + 2*p**3 - 3*p**2 - p**2. Is k(4) prime?
False
Suppose 2*t + t = 0. Suppose -5*v + 76 + 19 = t. Is v composite?
False
Suppose -2822 + 8317 = 5*p. Is p composite?
True
Is (-2 - 13)*(-10)/6 composite?
True
Let f = 67 + -28. Is f a composite number?
True
Let w(t) = 2*t - 1. Let d be 0 - 6*(-3 - -2). Is w(d) composite?
False
Suppose -11 = 2*d + 11. Let m = d + 4. Is (-10)/(-35) - 341/m a prime number?
False
Let l = -2493 + 4340. Is l prime?
True
Suppose 6195 = -5*k + 225. Is k/(-8) + (-3)/12 prime?
True
Let v be (-8562)/(-21) + (-4)/(-14). Suppose 1 + 2 = h. Suppose h*t - v = 39. Is t a prime number?
True
Let w(u) = -702*u**3 - u**2 + u + 1. Is w(-1) prime?
True
Let o = -4 - -7. Suppose o*b = 3*q + 2*q - 554, -4*b = 4*q - 424. Is q composite?
False
Is (-580 - 6)/(1 - 3) a composite number?
False
Let f(j) = 2*j + 6. Let s be f(-4). Let w(x) = -6*x**2 + 3*x + 1. Let p be w(s). Let r = p - -43. Is r a composite number?
True
Let i(u) = -u**2 + 3*u + 5. Let k be i(4). Let m(l) = 126*l + 1. Is m(k) prime?
True
Suppose 690 = -7*s + 2*s. Let g be (-2)/3*(-1737)/6. Let u = g + s. Is u prime?
False
Suppose 2*k = -k + 1065. Is k a prime number?
False
Suppose 0*w - w = -355. Is w a composite number?
True
Suppose -6*v + 426 + 264 = 0. Is v prime?
False
Let y = 0 - 0. Let n be 2/(2/(-2)) - y. Is (-2 - -1)/(n/98) composite?
True
Suppose -3 = -2*a + 5. Suppose 2*h = -a*r + 98, -r + 18 = -2*h - 14. Is r a composite number?
True
Let f = 4 + -4. Let n = 3 + f. Suppose 5*x + 125 = 5*h, n*x = -4*h - 0*x + 72. Is h composite?
True
Let r(y) = 2*y**3 + 2*y**2 - y + 1. Let u be r(-2). Let b = u - -8. Is 5*b + (4 - 5) prime?
False
Let s = 7 - 3. Suppose x + s = 2*m - m, 0 = -5*m - 2*x + 20. Suppose -184 = 2*w - 6*w + 3*q, 0 = -2*w + m*q + 102. Is w a prime number?
True
Is (-29 - 0)/(6/(-138)) a prime number?
False
Suppose -3*s + 5*s = -10, 5*o - 10 = -s. Let l(b) = 7*b**2 + b - 1. Is l(o) composite?
True
Let u = -186 - -439. Is u a prime number?
False
Let r = -16 - -20. Suppose 0 = 2*q + 3*q - 20. Suppose -3*k - 9 = -r*g, -q*g = 2*k - 7 - 7. Is g composite?
False
Suppose -5*k = -4*z + 7016, z + 2*k + 2*k = 1775. Is z a composite number?
False
Suppose 5*z = 1248 - 268. Suppose z = 2*u - w + 3*w, 0 = -w + 1. Is u a prime number?
True
Suppose 2*p = -18 + 1434. Suppose 2*m + 2*m - 3*h = p, 0 = -5*h. Is m a composite number?
True
Suppose m + 2*m = 0. Suppose 2*a - 175 = -m*a + 3*r, -a - 4*r = -93. Is a a prime number?
True
Suppose -2*d + s + 364 = 4*s, -d + 3*s = -191. Is d composite?
True
Let c be (-14)/(-4) - 1/2. Suppose 0 = 4*s - 2*t - 2, 5*s + c - 1 = -2*t. Is (s + 43/2)*2 a composite number?
False
Let q = 2023 - 884. Is q composite?
True
Let g = -9 + 46. Let p(y) = 3 - 3 + 2*y - g*y**3 + y**2 - y. Is p(-1) a prime number?
True
Let x(h) = -h**2 - 4*h + 8. Let d = 9 + -15. Let n be x(d). Let v = n - -146. Is v prime?
False
Suppose -2*p - 53 = -3*p + 3*j, 103 = 2*p - 5*j. Suppose -3*q - x + p = 0, 0 = 8*q - 3*q - 2*x - 77. Is (-6)/q - (-234)/10 a composite number?
False
Suppose -7*u = -11*u + 4604. Is u prime?
True
Suppose -2*a - 2*d + 12 = 0, 0 = 2*a - 2*d + d. Let z be (0 - (a + 42)) + -1. Let m = 6 - z. Is m composite?
True
Suppose 0 = -0*i - 2*i + 12. Suppose -f = 5*v + 1 - i, 0 = 4*f - 4*v + 4. Suppose 6*n - n - 35 = f. Is n prime?
True
Let j be (-4)/(-14) - 405/21. Let u = 38 + j. Is u a composite number?
False
Let h = -2399 + 3778. Is h a prime number?
False
Let s(n) = 21*n**2 - 15*n + 5. Is s(-9) a composite number?
True
Let s(x) = -x**2 + 6*x. Let m be s(5). Let d(u) = u**3 - 3*u**2 + 6*u - 1. Is d(m) composite?
False
Let q(f) = 2*f - 2. Let v(y) = y. Let n(l) = q(l) - 5*v(l). Let x be n(-4). Suppose 4*z - 66 - x = 0. Is z a composite number?
False
Let f be -21*(-1 + 14/(-6)). Suppose 5*d = -f + 440. Is d a composite number?
True
Let p(r) = 8*r**2 - 2*r + 1. Is p(5) composite?
False
Let n(f) be the second derivative of 4*f**3/3 - 5*f**2/2 - 3*f. Suppose i = 4, 0 = -2*k + 5*k + 2*i - 23. Is n(k) a prime number?
False
Let k(h) = h**3 - 8*h**2 + h - 2. Let d = 0 + 8. Let r be k(d). Is (4/r)/(4/78) a composite number?
False
Is 5/15 - (-1680)/9 prime?
False
Let x be ((-8)/10)/((-2)/10). Suppose r = -x*j - r + 6, -5*j = 5*r - 5. Suppose j*a = 44 + 194. Is a a compos